[INFO] cloning repository https://github.com/lilydjwg/filequeue
[INFO] running `Command { std: "git" "-c" "credential.helper=" "-c" "credential.helper=/workspace/cargo-home/bin/git-credential-null" "clone" "--bare" "https://github.com/lilydjwg/filequeue" "/workspace/cache/git-repos/https%3A%2F%2Fgithub.com%2Flilydjwg%2Ffilequeue", kill_on_drop: false }`
[INFO] [stderr] Cloning into bare repository '/workspace/cache/git-repos/https%3A%2F%2Fgithub.com%2Flilydjwg%2Ffilequeue'...
[INFO] running `Command { std: "git" "rev-parse" "HEAD", kill_on_drop: false }`
[INFO] [stdout] bc85753847a4cc0d60169a835be73e3e4c2cdfa7
[INFO] building lilydjwg/filequeue against master#ff34b919075f35a1787659e9c448a34b06bab8de for issue-85264
[INFO] running `Command { std: "git" "clone" "/workspace/cache/git-repos/https%3A%2F%2Fgithub.com%2Flilydjwg%2Ffilequeue" "/workspace/builds/worker-2/source", kill_on_drop: false }`
[INFO] [stderr] Cloning into '/workspace/builds/worker-2/source'...
[INFO] [stderr] done.
[INFO] validating manifest of git repo https://github.com/lilydjwg/filequeue on toolchain ff34b919075f35a1787659e9c448a34b06bab8de
[INFO] running `Command { std: "/workspace/cargo-home/bin/cargo" "+ff34b919075f35a1787659e9c448a34b06bab8de" "metadata" "--manifest-path" "Cargo.toml" "--no-deps", kill_on_drop: false }`
[INFO] started tweaking git repo https://github.com/lilydjwg/filequeue
[INFO] finished tweaking git repo https://github.com/lilydjwg/filequeue
[INFO] tweaked toml for git repo https://github.com/lilydjwg/filequeue written to /workspace/builds/worker-2/source/Cargo.toml
[INFO] crate git repo https://github.com/lilydjwg/filequeue already has a lockfile, it will not be regenerated
[INFO] running `Command { std: "/workspace/cargo-home/bin/cargo" "+ff34b919075f35a1787659e9c448a34b06bab8de" "fetch" "--manifest-path" "Cargo.toml", kill_on_drop: false }`
[INFO] [stderr]     Blocking waiting for file lock on package cache
[INFO] running `Command { std: "docker" "create" "-v" "/var/lib/crater-agent-workspace/builds/worker-2/target:/opt/rustwide/target:rw,Z" "-v" "/var/lib/crater-agent-workspace/builds/worker-2/source:/opt/rustwide/workdir:ro,Z" "-v" "/var/lib/crater-agent-workspace/cargo-home:/opt/rustwide/cargo-home:ro,Z" "-v" "/var/lib/crater-agent-workspace/rustup-home:/opt/rustwide/rustup-home:ro,Z" "-e" "SOURCE_DIR=/opt/rustwide/workdir" "-e" "CARGO_TARGET_DIR=/opt/rustwide/target" "-e" "CARGO_HOME=/opt/rustwide/cargo-home" "-e" "RUSTUP_HOME=/opt/rustwide/rustup-home" "-w" "/opt/rustwide/workdir" "-m" "1610612736" "--user" "0:0" "--network" "none" "ghcr.io/rust-lang/crates-build-env/linux@sha256:20528e8c29e4536546f0102ce88568b16ea7538393a33fcca951030f7af10457" "/opt/rustwide/cargo-home/bin/cargo" "+ff34b919075f35a1787659e9c448a34b06bab8de" "metadata" "--no-deps" "--format-version=1", kill_on_drop: false }`
[INFO] [stdout] 640379259dc1b596753185e9b156f736ac4a0b1241efaa7d68169355150218a7
[INFO] [stderr] WARNING: Your kernel does not support swap limit capabilities or the cgroup is not mounted. Memory limited without swap.
[INFO] running `Command { std: "docker" "start" "-a" "640379259dc1b596753185e9b156f736ac4a0b1241efaa7d68169355150218a7", kill_on_drop: false }`
[INFO] running `Command { std: "docker" "inspect" "640379259dc1b596753185e9b156f736ac4a0b1241efaa7d68169355150218a7", kill_on_drop: false }`
[INFO] running `Command { std: "docker" "rm" "-f" "640379259dc1b596753185e9b156f736ac4a0b1241efaa7d68169355150218a7", kill_on_drop: false }`
[INFO] [stdout] 640379259dc1b596753185e9b156f736ac4a0b1241efaa7d68169355150218a7
[INFO] running `Command { std: "docker" "create" "-v" "/var/lib/crater-agent-workspace/builds/worker-2/target:/opt/rustwide/target:rw,Z" "-v" "/var/lib/crater-agent-workspace/builds/worker-2/source:/opt/rustwide/workdir:ro,Z" "-v" "/var/lib/crater-agent-workspace/cargo-home:/opt/rustwide/cargo-home:ro,Z" "-v" "/var/lib/crater-agent-workspace/rustup-home:/opt/rustwide/rustup-home:ro,Z" "-e" "SOURCE_DIR=/opt/rustwide/workdir" "-e" "CARGO_TARGET_DIR=/opt/rustwide/target" "-e" "CARGO_INCREMENTAL=0" "-e" "RUST_BACKTRACE=full" "-e" "RUSTFLAGS=--cap-lints=forbid" "-e" "CARGO_HOME=/opt/rustwide/cargo-home" "-e" "RUSTUP_HOME=/opt/rustwide/rustup-home" "-w" "/opt/rustwide/workdir" "-m" "1610612736" "--user" "0:0" "--network" "none" "ghcr.io/rust-lang/crates-build-env/linux@sha256:20528e8c29e4536546f0102ce88568b16ea7538393a33fcca951030f7af10457" "/opt/rustwide/cargo-home/bin/cargo" "+ff34b919075f35a1787659e9c448a34b06bab8de" "build" "--frozen" "--message-format=json", kill_on_drop: false }`
[INFO] [stdout] b9562af62dbf352e9784704a50799ebac2090ecd0616337fa85cde3bb325ffd2
[INFO] [stderr] WARNING: Your kernel does not support swap limit capabilities or the cgroup is not mounted. Memory limited without swap.
[INFO] running `Command { std: "docker" "start" "-a" "b9562af62dbf352e9784704a50799ebac2090ecd0616337fa85cde3bb325ffd2", kill_on_drop: false }`
[INFO] [stderr]    Compiling libc v0.2.26
[INFO] [stderr]    Compiling gcc v0.3.51
[INFO] [stderr]    Compiling num-traits v0.1.39
[INFO] [stderr]    Compiling void v1.0.2
[INFO] [stderr]    Compiling unicode-xid v0.0.4
[INFO] [stderr]    Compiling pkg-config v0.3.9
[INFO] [stderr]    Compiling lazy_static v0.2.8
[INFO] [stderr]    Compiling quote v0.3.15
[INFO] [stderr]    Compiling slog v2.0.6
[INFO] [stderr]    Compiling cfg-if v0.1.2
[INFO] [stderr]    Compiling log v0.3.8
[INFO] [stderr]    Compiling crossbeam v0.2.10
[INFO] [stderr]    Compiling bitflags v0.7.0
[INFO] [stderr]    Compiling dtoa v0.4.1
[INFO] [stderr]    Compiling term v0.4.6
[INFO] [stderr]    Compiling unicode-width v0.1.4
[INFO] [stderr]    Compiling take_mut v0.1.3
[INFO] [stderr]    Compiling linked-hash-map v0.3.0
[INFO] [stderr]    Compiling serde v0.9.15
[INFO] [stderr]    Compiling rustc-demangle v0.1.4
[INFO] [stderr]    Compiling itoa v0.3.1
[INFO] [stderr]    Compiling futures v0.1.14
[INFO] [stderr]    Compiling vec_map v0.8.0
[INFO] [stderr]    Compiling ansi_term v0.9.0
[INFO] [stderr]    Compiling strsim v0.6.0
[INFO] [stderr]    Compiling linked-hash-map v0.4.2
[INFO] [stderr]    Compiling bitflags v0.9.1
[INFO] [stderr]    Compiling unicode-segmentation v1.1.0
[INFO] [stderr]    Compiling serde v1.0.10
[INFO] [stderr]    Compiling bitflags v0.8.2
[INFO] [stderr]    Compiling byteorder v1.1.0
[INFO] [stderr]    Compiling synom v0.11.3
[INFO] [stderr]    Compiling unreachable v1.0.0
[INFO] [stderr]    Compiling thread_local v0.3.4
[INFO] [stderr]    Compiling yaml-rust v0.3.5
[INFO] [stderr]    Compiling syn v0.11.11
[INFO] [stderr]    Compiling thread-id v2.0.0
[INFO] [stderr]    Compiling memchr v0.1.11
[INFO] [stderr]    Compiling num_cpus v0.2.13
[INFO] [stderr]    Compiling time v0.1.38
[INFO] [stderr]    Compiling term_size v0.3.0
[INFO] [stderr]    Compiling isatty v0.1.3
[INFO] [stderr]    Compiling nix v0.8.1
[INFO] [stderr]    Compiling errno v0.1.8
[INFO] [stderr]    Compiling atty v0.2.2
[INFO] [stderr]    Compiling inotify-sys v0.1.0
[INFO] [stderr]    Compiling num-integer v0.1.34
[INFO] [stderr]    Compiling textwrap v0.6.0
[INFO] [stderr]    Compiling thread_local v0.2.7
[INFO] [stderr]    Compiling aho-corasick v0.5.3
[INFO] [stderr]    Compiling inotify v0.4.1
[INFO] [stderr]    Compiling slog-async v2.0.1
[INFO] [stderr]    Compiling slog-scope v3.0.0
[INFO] [stderr]    Compiling rdkafka-sys v0.9.5-1
[INFO] [stderr]    Compiling num-iter v0.1.33
[INFO] [stderr]    Compiling libz-sys v1.0.16
[INFO] [stderr]    Compiling lz4-sys v1.7.5
[INFO] [stderr]    Compiling backtrace-sys v0.1.11
[INFO] [stderr]    Compiling clap v2.25.0
[INFO] [stderr]    Compiling slog-stdlog v2.0.0
[INFO] [stderr]    Compiling num v0.1.39
[INFO] [stderr]    Compiling chrono v0.4.0
[INFO] [stderr]    Compiling regex v0.1.80
[INFO] [stderr]    Compiling serde_codegen_internals v0.14.2
[INFO] [stderr]    Compiling serde_derive_internals v0.15.1
[INFO] [stderr]    Compiling slog-term v2.0.2
[INFO] [stderr]    Compiling signalbool v0.1.4
[INFO] [stderr]    Compiling serde_derive v0.9.15
[INFO] [stderr]    Compiling serde_derive v1.0.10
[INFO] [stderr]    Compiling serde_json v0.9.10
[INFO] [stderr]    Compiling env_logger v0.3.5
[INFO] [stderr]    Compiling slog-envlogger v2.0.0
[INFO] [stderr]    Compiling serde_yaml v0.7.1
[INFO] [stderr] error: failed to run custom build command for `rdkafka-sys v0.9.5-1`
[INFO] [stderr] 
[INFO] [stderr] Caused by:
[INFO] [stderr]   process didn't exit successfully: `/opt/rustwide/target/debug/build/rdkafka-sys-28ea6d2bb8daae67/build-script-build` (exit status: 101)
[INFO] [stderr]   --- stdout
[INFO] [stderr]   Configuring librdkafka
[INFO] [stderr]   checking for OS or distribution... ok (Ubuntu)
[INFO] [stderr]   checking for C compiler from CC env... failed
[INFO] [stderr]   checking for gcc (by command)... ok
[INFO] [stderr]   checking for C++ compiler from CXX env... failed
[INFO] [stderr]   checking for C++ compiler (g++)... ok
[INFO] [stderr]   checking executable ld... ok
[INFO] [stderr]   checking executable nm... ok
[INFO] [stderr]   checking executable objdump... ok
[INFO] [stderr]   checking executable strip... ok
[INFO] [stderr]   checking for pkgconfig (by command)... ok
[INFO] [stderr]   checking for install (by command)... ok
[INFO] [stderr]   checking for PIC (by compile)... failed (disable)
[INFO] [stderr]   checking for GNU-compatible linker options... failed
[INFO] [stderr]   checking for OSX linker options... failed
[INFO] [stderr]   checking for GNU linker-script ld flag... failed
[INFO] [stderr]   checking for Solaris linker-script ld flag... failed (ignore)
[INFO] [stderr]   checking for __atomic_32 (by compile)... failed
[INFO] [stderr]   checking for __atomic_32_lib (by compile)... failed
[INFO] [stderr]   checking for __sync_32 (by compile)... failed (disable)
[INFO] [stderr]   checking for __atomic_64 (by compile)... failed
[INFO] [stderr]   checking for __atomic_64_lib (by compile)... failed
[INFO] [stderr]   checking for __sync_64 (by compile)... failed (disable)
[INFO] [stderr]   checking for socket (by compile)... failed
[INFO] [stderr]   checking for socket_nsl (by compile)... failed (fail)
[INFO] [stderr]   parsing version '0x000905ff'... ok (0.9.5)
[INFO] [stderr]   checking for libpthread (by pkg-config)... failed
[INFO] [stderr]   checking for libpthread (by compile)... failed (fail)
[INFO] [stderr]   checking for zlib (by pkg-config)... ok
[INFO] [stderr]   checking for zlib (by compile)... failed (disable)
[INFO] [stderr]   checking for libcrypto (by pkg-config)... ok
[INFO] [stderr]   checking for libcrypto (by compile)... failed (disable)
[INFO] [stderr]   checking for liblz4 (by pkg-config)... failed
[INFO] [stderr]   checking for liblz4 (by compile)... failed (disable)
[INFO] [stderr]   checking for regex (by compile)... failed (disable)
[INFO] [stderr]   checking for librt (by pkg-config)... failed
[INFO] [stderr]   checking for librt (by compile)... failed
[INFO] [stderr]   checking for strndup (by compile)... failed (disable)
[INFO] [stderr]   checking for nm (by env NM)... ok (cached)
[INFO] [stderr] 
[INFO] [stderr] 
[INFO] [stderr] 
[INFO] [stderr] 
[INFO] [stderr]   --- stderr
[INFO] [stderr]   librdkafka not found, building
[INFO] [stderr]   Running command: "./configure --disable-sasl --disable-ssl --enable-static" in dir: librdkafka
[INFO] [stderr]   mklove/modules/configure.base: line 568: config.log: Read-only file system
[INFO] [stderr]   mklove/modules/configure.base: line 568: config.log: Read-only file system
[INFO] [stderr]   mklove/modules/configure.base: line 568: config.log: Read-only file system
[INFO] [stderr]   mklove/modules/configure.base: line 568: config.log: Read-only file system
[INFO] [stderr]   mklove/modules/configure.base: line 568: config.log: Read-only file system
[INFO] [stderr]   mklove/modules/configure.base: line 568: config.log: Read-only file system
[INFO] [stderr]   mklove/modules/configure.base: line 568: config.log: Read-only file system
[INFO] [stderr]   mklove/modules/configure.base: line 568: config.log: Read-only file system
[INFO] [stderr]   mklove/modules/configure.base: line 568: config.log: Read-only file system
[INFO] [stderr]   mklove/modules/configure.base: line 568: config.log: Read-only file system
[INFO] [stderr]   mklove/modules/configure.base: line 568: config.log: Read-only file system
[INFO] [stderr]   mklove/modules/configure.base: line 568: config.log: Read-only file system
[INFO] [stderr]   mklove/modules/configure.base: line 568: config.log: Read-only file system
[INFO] [stderr]   ./configure: line 186: config.log: Read-only file system
[INFO] [stderr]   ./configure: line 187: config.log: Read-only file system
[INFO] [stderr]   mklove/modules/configure.base: line 568: config.log: Read-only file system
[INFO] [stderr]   mklove/modules/configure.base: line 568: config.log: Read-only file system
[INFO] [stderr]   mklove/modules/configure.base: line 568: config.log: Read-only file system
[INFO] [stderr]   mklove/modules/configure.base: line 568: config.log: Read-only file system
[INFO] [stderr]   mktemp: failed to create file via template '_mkltmpXXXXXX': Read-only file system
[INFO] [stderr]   mv: cannot stat '': No such file or directory
[INFO] [stderr]   mklove/modules/configure.base: line 908: .c: Read-only file system
[INFO] [stderr]   mklove/modules/configure.base: line 911: .c: Read-only file system
[INFO] [stderr]   mklove/modules/configure.base: line 568: config.log: Read-only file system
[INFO] [stderr]   mklove/modules/configure.base: line 568: config.log: Read-only file system
[INFO] [stderr]   mklove/modules/configure.base: line 568: config.log: Read-only file system
[INFO] [stderr]   mktemp: failed to create file via template '_mkltmpXXXXXX': Read-only file system
[INFO] [stderr]   mv: cannot stat '': No such file or directory
[INFO] [stderr]   mklove/modules/configure.base: line 908: .c: Read-only file system
[INFO] [stderr]   mklove/modules/configure.base: line 911: .c: Read-only file system
[INFO] [stderr]   mklove/modules/configure.base: line 568: config.log: Read-only file system
[INFO] [stderr]   mklove/modules/configure.base: line 568: config.log: Read-only file system
[INFO] [stderr]   mklove/modules/configure.base: line 568: config.log: Read-only file system
[INFO] [stderr]   mktemp: failed to create file via template '_mkltmpXXXXXX': Read-only file system
[INFO] [stderr]   mv: cannot stat '': No such file or directory
[INFO] [stderr]   mklove/modules/configure.base: line 908: .c: Read-only file system
[INFO] [stderr]   mklove/modules/configure.base: line 911: .c: Read-only file system
[INFO] [stderr]   mklove/modules/configure.base: line 568: config.log: Read-only file system
[INFO] [stderr]   mklove/modules/configure.base: line 568: config.log: Read-only file system
[INFO] [stderr]   mklove/modules/configure.base: line 568: config.log: Read-only file system
[INFO] [stderr]   mktemp: failed to create file via template '_mkltmpXXXXXX': Read-only file system
[INFO] [stderr]   mklove/modules/configure.base: line 650: $ldsfile: ambiguous redirect
[INFO] [stderr]   mktemp: failed to create file via template '_mkltmpXXXXXX': Read-only file system
[INFO] [stderr]   mv: cannot stat '': No such file or directory
[INFO] [stderr]   mklove/modules/configure.base: line 908: .c: Read-only file system
[INFO] [stderr]   mklove/modules/configure.base: line 911: .c: Read-only file system
[INFO] [stderr]   mklove/modules/configure.base: line 568: config.log: Read-only file system
[INFO] [stderr]   mklove/modules/configure.base: line 568: config.log: Read-only file system
[INFO] [stderr]   mklove/modules/configure.base: line 568: config.log: Read-only file system
[INFO] [stderr]   mktemp: failed to create file via template '_mkltmpXXXXXX': Read-only file system
[INFO] [stderr]   mv: cannot stat '': No such file or directory
[INFO] [stderr]   mklove/modules/configure.base: line 908: .c: Read-only file system
[INFO] [stderr]   mklove/modules/configure.base: line 911: .c: Read-only file system
[INFO] [stderr]   mklove/modules/configure.base: line 568: config.log: Read-only file system
[INFO] [stderr]   mklove/modules/configure.base: line 568: config.log: Read-only file system
[INFO] [stderr]   mklove/modules/configure.base: line 568: config.log: Read-only file system
[INFO] [stderr]   mktemp: failed to create file via template '_mkltmpXXXXXX': Read-only file system
[INFO] [stderr]   mv: cannot stat '': No such file or directory
[INFO] [stderr]   mklove/modules/configure.base: line 908: .c: Read-only file system
[INFO] [stderr]   mklove/modules/configure.base: line 911: .c: Read-only file system
[INFO] [stderr]   mklove/modules/configure.base: line 568: config.log: Read-only file system
[INFO] [stderr]   mklove/modules/configure.base: line 568: config.log: Read-only file system
[INFO] [stderr]   mklove/modules/configure.base: line 568: config.log: Read-only file system
[INFO] [stderr]   mktemp: failed to create file via template '_mkltmpXXXXXX': Read-only file system
[INFO] [stderr]   mv: cannot stat '': No such file or directory
[INFO] [stderr]   mklove/modules/configure.base: line 908: .c: Read-only file system
[INFO] [stderr]   mklove/modules/configure.base: line 911: .c: Read-only file system
[INFO] [stderr]   mklove/modules/configure.base: line 568: config.log: Read-only file system
[INFO] [stderr]   mklove/modules/configure.base: line 568: config.log: Read-only file system
[INFO] [stderr]   mklove/modules/configure.base: line 568: config.log: Read-only file system
[INFO] [stderr]   mktemp: failed to create file via template '_mkltmpXXXXXX': Read-only file system
[INFO] [stderr]   mv: cannot stat '': No such file or directory
[INFO] [stderr]   mklove/modules/configure.base: line 908: .c: Read-only file system
[INFO] [stderr]   mklove/modules/configure.base: line 911: .c: Read-only file system
[INFO] [stderr]   mklove/modules/configure.base: line 568: config.log: Read-only file system
[INFO] [stderr]   mklove/modules/configure.base: line 568: config.log: Read-only file system
[INFO] [stderr]   mklove/modules/configure.base: line 568: config.log: Read-only file system
[INFO] [stderr]   mktemp: failed to create file via template '_mkltmpXXXXXX': Read-only file system
[INFO] [stderr]   mv: cannot stat '': No such file or directory
[INFO] [stderr]   mklove/modules/configure.base: line 908: .c: Read-only file system
[INFO] [stderr]   mklove/modules/configure.base: line 911: .c: Read-only file system
[INFO] [stderr]   mklove/modules/configure.base: line 568: config.log: Read-only file system
[INFO] [stderr]   mklove/modules/configure.base: line 568: config.log: Read-only file system
[INFO] [stderr]   mklove/modules/configure.base: line 568: config.log: Read-only file system
[INFO] [stderr]   mktemp: failed to create file via template '_mkltmpXXXXXX': Read-only file system
[INFO] [stderr]   mv: cannot stat '': No such file or directory
[INFO] [stderr]   mklove/modules/configure.base: line 908: .c: Read-only file system
[INFO] [stderr]   mklove/modules/configure.base: line 911: .c: Read-only file system
[INFO] [stderr]   mklove/modules/configure.base: line 568: config.log: Read-only file system
[INFO] [stderr]   mklove/modules/configure.base: line 568: config.log: Read-only file system
[INFO] [stderr]   mklove/modules/configure.base: line 568: config.log: Read-only file system
[INFO] [stderr]   mktemp: failed to create file via template '_mkltmpXXXXXX': Read-only file system
[INFO] [stderr]   mv: cannot stat '': No such file or directory
[INFO] [stderr]   mklove/modules/configure.base: line 908: .c: Read-only file system
[INFO] [stderr]   mklove/modules/configure.base: line 911: .c: Read-only file system
[INFO] [stderr]   mklove/modules/configure.base: line 568: config.log: Read-only file system
[INFO] [stderr]   mklove/modules/configure.base: line 568: config.log: Read-only file system
[INFO] [stderr]   mklove/modules/configure.base: line 568: config.log: Read-only file system
[INFO] [stderr]   mktemp: failed to create file via template '_mkltmpXXXXXX': Read-only file system
[INFO] [stderr]   mv: cannot stat '': No such file or directory
[INFO] [stderr]   mklove/modules/configure.base: line 908: .c: Read-only file system
[INFO] [stderr]   mklove/modules/configure.base: line 911: .c: Read-only file system
[INFO] [stderr]   mklove/modules/configure.base: line 568: config.log: Read-only file system
[INFO] [stderr]   mklove/modules/configure.base: line 568: config.log: Read-only file system
[INFO] [stderr]   mklove/modules/configure.base: line 568: config.log: Read-only file system
[INFO] [stderr]   mktemp: failed to create file via template '_mkltmpXXXXXX': Read-only file system
[INFO] [stderr]   mv: cannot stat '': No such file or directory
[INFO] [stderr]   mklove/modules/configure.base: line 908: .c: Read-only file system
[INFO] [stderr]   mklove/modules/configure.base: line 911: .c: Read-only file system
[INFO] [stderr]   mklove/modules/configure.base: line 568: config.log: Read-only file system
[INFO] [stderr]   mklove/modules/configure.base: line 568: config.log: Read-only file system
[INFO] [stderr]   mklove/modules/configure.base: line 568: config.log: Read-only file system
[INFO] [stderr]   mklove/modules/configure.base: line 568: config.log: Read-only file system
[INFO] [stderr]   mklove/modules/configure.base: line 568: config.log: Read-only file system
[INFO] [stderr]   mklove/modules/configure.base: line 568: config.log: Read-only file system
[INFO] [stderr]   mktemp: failed to create file via template '_mkltmpXXXXXX': Read-only file system
[INFO] [stderr]   mv: cannot stat '': No such file or directory
[INFO] [stderr]   mklove/modules/configure.base: line 908: .c: Read-only file system
[INFO] [stderr]   mklove/modules/configure.base: line 911: .c: Read-only file system
[INFO] [stderr]   mklove/modules/configure.base: line 568: config.log: Read-only file system
[INFO] [stderr]   mklove/modules/configure.base: line 568: config.log: Read-only file system
[INFO] [stderr]   mklove/modules/configure.base: line 568: config.log: Read-only file system
[INFO] [stderr]   mklove/modules/configure.base: line 568: config.log: Read-only file system
[INFO] [stderr]   mktemp: failed to create file via template '_mkltmpXXXXXX': Read-only file system
[INFO] [stderr]   mv: cannot stat '': No such file or directory
[INFO] [stderr]   mklove/modules/configure.base: line 908: .c: Read-only file system
[INFO] [stderr]   mklove/modules/configure.base: line 911: .c: Read-only file system
[INFO] [stderr]   mklove/modules/configure.base: line 568: config.log: Read-only file system
[INFO] [stderr]   mklove/modules/configure.base: line 568: config.log: Read-only file system
[INFO] [stderr]   mklove/modules/configure.base: line 568: config.log: Read-only file system
[INFO] [stderr]   mklove/modules/configure.base: line 568: config.log: Read-only file system
[INFO] [stderr]   mktemp: failed to create file via template '_mkltmpXXXXXX': Read-only file system
[INFO] [stderr]   mv: cannot stat '': No such file or directory
[INFO] [stderr]   mklove/modules/configure.base: line 908: .c: Read-only file system
[INFO] [stderr]   mklove/modules/configure.base: line 911: .c: Read-only file system
[INFO] [stderr]   mklove/modules/configure.base: line 568: config.log: Read-only file system
[INFO] [stderr]   mklove/modules/configure.base: line 568: config.log: Read-only file system
[INFO] [stderr]   mklove/modules/configure.base: line 568: config.log: Read-only file system
[INFO] [stderr]   mklove/modules/configure.base: line 568: config.log: Read-only file system
[INFO] [stderr]   mklove/modules/configure.base: line 568: config.log: Read-only file system
[INFO] [stderr]   mklove/modules/configure.base: line 568: config.log: Read-only file system
[INFO] [stderr]   mklove/modules/configure.base: line 568: config.log: Read-only file system
[INFO] [stderr]   mktemp: failed to create file via template '_mkltmpXXXXXX': Read-only file system
[INFO] [stderr]   mv: cannot stat '': No such file or directory
[INFO] [stderr]   mklove/modules/configure.base: line 908: .c: Read-only file system
[INFO] [stderr]   mklove/modules/configure.base: line 911: .c: Read-only file system
[INFO] [stderr]   mklove/modules/configure.base: line 568: config.log: Read-only file system
[INFO] [stderr]   mklove/modules/configure.base: line 568: config.log: Read-only file system
[INFO] [stderr]   mklove/modules/configure.base: line 568: config.log: Read-only file system
[INFO] [stderr]   mktemp: failed to create file via template '_mkltmpXXXXXX': Read-only file system
[INFO] [stderr]   mv: cannot stat '': No such file or directory
[INFO] [stderr]   mklove/modules/configure.base: line 908: .c: Read-only file system
[INFO] [stderr]   mklove/modules/configure.base: line 911: .c: Read-only file system
[INFO] [stderr]   mklove/modules/configure.base: line 568: config.log: Read-only file system
[INFO] [stderr]   mklove/modules/configure.base: line 568: config.log: Read-only file system
[INFO] [stderr]   mklove/modules/configure.base: line 568: config.log: Read-only file system
[INFO] [stderr]   mklove/modules/configure.base: line 568: config.log: Read-only file system
[INFO] [stderr]   mklove/modules/configure.base: line 568: config.log: Read-only file system
[INFO] [stderr]   mklove/modules/configure.base: line 568: config.log: Read-only file system
[INFO] [stderr]   mktemp: failed to create file via template '_mkltmpXXXXXX': Read-only file system
[INFO] [stderr]   mv: cannot stat '': No such file or directory
[INFO] [stderr]   mklove/modules/configure.base: line 908: .c: Read-only file system
[INFO] [stderr]   mklove/modules/configure.base: line 911: .c: Read-only file system
[INFO] [stderr]   mklove/modules/configure.base: line 568: config.log: Read-only file system
[INFO] [stderr]   mklove/modules/configure.base: line 568: config.log: Read-only file system
[INFO] [stderr]   mklove/modules/configure.base: line 568: config.log: Read-only file system
[INFO] [stderr]   mktemp: failed to create file via template '_mkltmpXXXXXX': Read-only file system
[INFO] [stderr]   mv: cannot stat '': No such file or directory
[INFO] [stderr]   mklove/modules/configure.base: line 908: .c: Read-only file system
[INFO] [stderr]   mklove/modules/configure.base: line 911: .c: Read-only file system
[INFO] [stderr]   mklove/modules/configure.base: line 568: config.log: Read-only file system
[INFO] [stderr]   mklove/modules/configure.base: line 568: config.log: Read-only file system
[INFO] [stderr]   mklove/modules/configure.base: line 568: config.log: Read-only file system
[INFO] [stderr]   ###########################################################
[INFO] [stderr]   mklove/modules/configure.base: line 577: config.log: Read-only file system
[INFO] [stderr]   ###                  Configure failed                   ###
[INFO] [stderr]   mklove/modules/configure.base: line 577: config.log: Read-only file system
[INFO] [stderr]   ###########################################################
[INFO] [stderr]   mklove/modules/configure.base: line 577: config.log: Read-only file system
[INFO] [stderr]   ### Accumulated failures:                               ###
[INFO] [stderr]   mklove/modules/configure.base: line 577: config.log: Read-only file system
[INFO] [stderr]   ###########################################################
[INFO] [stderr]   mklove/modules/configure.base: line 577: config.log: Read-only file system
[INFO] [stderr]    socket_nsl () 
[INFO] [stderr]   mklove/modules/configure.base: line 577: config.log: Read-only file system
[INFO] [stderr]       module: socket
[INFO] [stderr]   mklove/modules/configure.base: line 585: config.log: Read-only file system
[INFO] [stderr]       action: fail
[INFO] [stderr]   mklove/modules/configure.base: line 585: config.log: Read-only file system
[INFO] [stderr]       reason:
[INFO] [stderr]   compile check failed:
[INFO] [stderr]   CC: CC
[INFO] [stderr]   flags: 
[INFO] [stderr]   gcc  -g -O2 -Wall -Wsign-compare -Wfloat-equal -Wpointer-arith -Wcast-align -Wall -Werror  .c -o .c.o -lsocket -lnsl :
[INFO] [stderr]   gcc: error: .c: No such file or directory
[INFO] [stderr]   source: 
[INFO] [stderr]   #include <sys/types.h>
[INFO] [stderr]   #include <sys/socket.h>
[INFO] [stderr]   #include <unistd.h>
[INFO] [stderr]   void foo (void) {
[INFO] [stderr]      int s = socket(0, 0, 0);
[INFO] [stderr]      close(s);
[INFO] [stderr]   }
[INFO] [stderr] 
[INFO] [stderr]   mklove/modules/configure.base: line 585: config.log: Read-only file system
[INFO] [stderr]    libpthread () 
[INFO] [stderr]   mklove/modules/configure.base: line 577: config.log: Read-only file system
[INFO] [stderr]       module: librdkafka
[INFO] [stderr]   mklove/modules/configure.base: line 585: config.log: Read-only file system
[INFO] [stderr]       action: fail
[INFO] [stderr]   mklove/modules/configure.base: line 585: config.log: Read-only file system
[INFO] [stderr]       reason:
[INFO] [stderr]   compile check failed:
[INFO] [stderr]   CC: CC
[INFO] [stderr]   flags: -lpthread
[INFO] [stderr]   gcc  -g -O2 -Wall -Wsign-compare -Wfloat-equal -Wpointer-arith -Wcast-align -Wall -Werror -lpthread .c -o .c.o  :
[INFO] [stderr]   gcc: error: .c: No such file or directory
[INFO] [stderr]   source: #include <pthread.h>
[INFO] [stderr] 
[INFO] [stderr]   mklove/modules/configure.base: line 585: config.log: Read-only file system
[INFO] [stderr]   thread 'main' panicked at 'Command failed with error code 1', /opt/rustwide/cargo-home/registry/src/github.com-1ecc6299db9ec823/rdkafka-sys-0.9.5-1/build.rs:21:35
[INFO] [stderr]   stack backtrace:
[INFO] [stderr]      0:     0x55f68f195230 - std::backtrace_rs::backtrace::libunwind::trace::hdcf4f90f85129e83
[INFO] [stderr]                                  at /rustc/ff34b919075f35a1787659e9c448a34b06bab8de/library/std/src/../../backtrace/src/backtrace/libunwind.rs:90:5
[INFO] [stderr]      1:     0x55f68f195230 - std::backtrace_rs::backtrace::trace_unsynchronized::h2669e30cb82f6732
[INFO] [stderr]                                  at /rustc/ff34b919075f35a1787659e9c448a34b06bab8de/library/std/src/../../backtrace/src/backtrace/mod.rs:66:5
[INFO] [stderr]      2:     0x55f68f195230 - std::sys_common::backtrace::_print_fmt::hfbda19e17f6db318
[INFO] [stderr]                                  at /rustc/ff34b919075f35a1787659e9c448a34b06bab8de/library/std/src/sys_common/backtrace.rs:67:5
[INFO] [stderr]      3:     0x55f68f195230 - <std::sys_common::backtrace::_print::DisplayBacktrace as core::fmt::Display>::fmt::h1a8751bf59281272
[INFO] [stderr]                                  at /rustc/ff34b919075f35a1787659e9c448a34b06bab8de/library/std/src/sys_common/backtrace.rs:46:22
[INFO] [stderr]      4:     0x55f68f1b344f - core::fmt::write::h7aa6cd0067dca82a
[INFO] [stderr]                                  at /rustc/ff34b919075f35a1787659e9c448a34b06bab8de/library/core/src/fmt/mod.rs:1094:17
[INFO] [stderr]      5:     0x55f68f192ad5 - std::io::Write::write_fmt::hd7dd3a1df9b6befb
[INFO] [stderr]                                  at /rustc/ff34b919075f35a1787659e9c448a34b06bab8de/library/std/src/io/mod.rs:1584:15
[INFO] [stderr]      6:     0x55f68f19701b - std::sys_common::backtrace::_print::h551e9ec8a9fa8106
[INFO] [stderr]                                  at /rustc/ff34b919075f35a1787659e9c448a34b06bab8de/library/std/src/sys_common/backtrace.rs:49:5
[INFO] [stderr]      7:     0x55f68f19701b - std::sys_common::backtrace::print::ha4b1c5e95fa040b3
[INFO] [stderr]                                  at /rustc/ff34b919075f35a1787659e9c448a34b06bab8de/library/std/src/sys_common/backtrace.rs:36:9
[INFO] [stderr]      8:     0x55f68f19701b - std::panicking::default_hook::{{closure}}::h0b34c9ab7fb9f857
[INFO] [stderr]                                  at /rustc/ff34b919075f35a1787659e9c448a34b06bab8de/library/std/src/panicking.rs:208:50
[INFO] [stderr]      9:     0x55f68f196afd - std::panicking::default_hook::h3067e8318decd17a
[INFO] [stderr]                                  at /rustc/ff34b919075f35a1787659e9c448a34b06bab8de/library/std/src/panicking.rs:225:9
[INFO] [stderr]     10:     0x55f68f1975cd - std::panicking::rust_panic_with_hook::h81b8facc50f34daa
[INFO] [stderr]                                  at /rustc/ff34b919075f35a1787659e9c448a34b06bab8de/library/std/src/panicking.rs:591:17
[INFO] [stderr]     11:     0x55f68f1971c7 - std::panicking::begin_panic_handler::{{closure}}::ha376ab85d95a000e
[INFO] [stderr]                                  at /rustc/ff34b919075f35a1787659e9c448a34b06bab8de/library/std/src/panicking.rs:497:13
[INFO] [stderr]     12:     0x55f68f1956ec - std::sys_common::backtrace::__rust_end_short_backtrace::h6795c8afdd1a77e6
[INFO] [stderr]                                  at /rustc/ff34b919075f35a1787659e9c448a34b06bab8de/library/std/src/sys_common/backtrace.rs:141:18
[INFO] [stderr]     13:     0x55f68f197129 - rust_begin_unwind
[INFO] [stderr]                                  at /rustc/ff34b919075f35a1787659e9c448a34b06bab8de/library/std/src/panicking.rs:493:5
[INFO] [stderr]     14:     0x55f68f15fb8b - std::panicking::begin_panic_fmt::hf43a0025042538e2
[INFO] [stderr]                                  at /rustc/ff34b919075f35a1787659e9c448a34b06bab8de/library/std/src/panicking.rs:435:5
[INFO] [stderr]     15:     0x55f68f162662 - build_script_build::run_command_or_fail::h523432c109a9bca1
[INFO] [stderr]                                  at /opt/rustwide/cargo-home/registry/src/github.com-1ecc6299db9ec823/rdkafka-sys-0.9.5-1/build.rs:21:35
[INFO] [stderr]     16:     0x55f68f16332c - build_script_build::build_librdkafka::hdec67da0f5a55eed
[INFO] [stderr]                                  at /opt/rustwide/cargo-home/registry/src/github.com-1ecc6299db9ec823/rdkafka-sys-0.9.5-1/build.rs:75:5
[INFO] [stderr]     17:     0x55f68f162f1f - build_script_build::main::hb34ffb64e78368a0
[INFO] [stderr]                                  at /opt/rustwide/cargo-home/registry/src/github.com-1ecc6299db9ec823/rdkafka-sys-0.9.5-1/build.rs:47:13
[INFO] [stderr]     18:     0x55f68f16621b - core::ops::function::FnOnce::call_once::h2a395742d96332a3
[INFO] [stderr]                                  at /rustc/ff34b919075f35a1787659e9c448a34b06bab8de/library/core/src/ops/function.rs:227:5
[INFO] [stderr]     19:     0x55f68f165f6e - std::sys_common::backtrace::__rust_begin_short_backtrace::h05bd4be3b3b181ff
[INFO] [stderr]                                  at /rustc/ff34b919075f35a1787659e9c448a34b06bab8de/library/std/src/sys_common/backtrace.rs:125:18
[INFO] [stderr]     20:     0x55f68f1657a1 - std::rt::lang_start::{{closure}}::hfc831c81349afc56
[INFO] [stderr]                                  at /rustc/ff34b919075f35a1787659e9c448a34b06bab8de/library/std/src/rt.rs:49:18
[INFO] [stderr]     21:     0x55f68f1979ca - core::ops::function::impls::<impl core::ops::function::FnOnce<A> for &F>::call_once::h3b8c329143d7638a
[INFO] [stderr]                                  at /rustc/ff34b919075f35a1787659e9c448a34b06bab8de/library/core/src/ops/function.rs:259:13
[INFO] [stderr]     22:     0x55f68f1979ca - std::panicking::try::do_call::h4b72c261b4eefc1b
[INFO] [stderr]                                  at /rustc/ff34b919075f35a1787659e9c448a34b06bab8de/library/std/src/panicking.rs:379:40
[INFO] [stderr]     23:     0x55f68f1979ca - std::panicking::try::h703d31b7896cbd49
[INFO] [stderr]                                  at /rustc/ff34b919075f35a1787659e9c448a34b06bab8de/library/std/src/panicking.rs:343:19
[INFO] [stderr]     24:     0x55f68f1979ca - std::panic::catch_unwind::h37cad9b35388a915
[INFO] [stderr]                                  at /rustc/ff34b919075f35a1787659e9c448a34b06bab8de/library/std/src/panic.rs:431:14
[INFO] [stderr]     25:     0x55f68f1979ca - std::rt::lang_start_internal::hab5a8a909af4f90e
[INFO] [stderr]                                  at /rustc/ff34b919075f35a1787659e9c448a34b06bab8de/library/std/src/rt.rs:34:21
[INFO] [stderr]     26:     0x55f68f165780 - std::rt::lang_start::h73b0a2e3b9d30411
[INFO] [stderr]                                  at /rustc/ff34b919075f35a1787659e9c448a34b06bab8de/library/std/src/rt.rs:48:5
[INFO] [stderr]     27:     0x55f68f1636ac - main
[INFO] [stderr]     28:     0x7f293c5010b3 - __libc_start_main
[INFO] [stderr]     29:     0x55f68f1608be - _start
[INFO] [stderr]     30:                0x0 - <unknown>
[INFO] [stderr] warning: build failed, waiting for other jobs to finish...
[INFO] [stderr] error: build failed
[INFO] running `Command { std: "docker" "inspect" "b9562af62dbf352e9784704a50799ebac2090ecd0616337fa85cde3bb325ffd2", kill_on_drop: false }`
[INFO] running `Command { std: "docker" "rm" "-f" "b9562af62dbf352e9784704a50799ebac2090ecd0616337fa85cde3bb325ffd2", kill_on_drop: false }`
[INFO] [stdout] b9562af62dbf352e9784704a50799ebac2090ecd0616337fa85cde3bb325ffd2
